+ 296, -4*l = -4*u - 3264. What are the prime factors of l?
2, 5, 41
Let q = -17 - -32. Let f be (-1)/(((-20)/q)/4). Suppose 112 = f*r + 2*o, 4*o + 3 = 11. What are the prime factors of r?
2, 3
Let o be 2/(1 - 1/(2 + 1)). Suppose 0 = -y + 2*h - 6, -15 = -y - o*h - 1. List the prime factors of (-12 + 3 - y)/(1/(-11)).
11
Suppose -3*i = 2*b + 7 - 575, 0 = -4*i - b + 749. Suppose -906 - i = -6*u. List the prime factors of u.
2, 7, 13
Suppose 0 = 8*h - 3*h + 9*v + 295, -277 = 4*h - v. Let a be -66*((-4)/3)/(-2). Let o = a - h. List the prime factors of o.
2, 3
Suppose 70*i = 74*i - 40. Suppose 11*p - i = 34. Suppose p*n - 928 = -4*n. List the prime factors of n.
2, 29
Let w be (-4)/(-6)*(-99)/(-6). Suppose -w*d = -8*d + 276. List the prime factors of 4*(4 + d/(-8)).
2, 31
Let d(z) = 5*z**2 + 5 - 3 - z**2 + 2. Let k be d(-5). List the prime factors of k/(-4)*(-7)/2.
7, 13
Suppose 4*u + 2*a = -u - 495, -2*u - 198 = -3*a. Let m = 35 - -154. Let w = u + m. What are the prime factors of w?
2, 3, 5
Suppose 3*n + 946 = 4*u - 921, 4*n + 2486 = 2*u. Let q = -288 - n. List the prime factors of q.
3, 37
Let b = -34 - -20. Let j = b - -22. Suppose k + 2*f = 4*k - 7, -4*f - j = -4*k. What are the prime factors of k?
3
Suppose 1003 - 973 = 6*o. Suppose 3*a + 5*x - 5333 = 0, o*a = -3*x - x + 8897. What are the prime factors of a?
13, 137
Suppose -5*p = 2*u - 19, -10*p = u - 7*p - 11. Suppose -3*t - d + 895 = -1098, -u*d + 2 = 0. What are the prime factors of t?
2, 83
Suppose -514*t = -507*t - 12621. Suppose 6057 + t = 12*b. What are the prime factors of b?
5, 131
Suppose -3280415 = -139*h + 23*h - 709275. What are the prime factors of h?
5, 11, 13, 31
What are the prime factors of ((-16)/(-72))/((-20)/(-12)) + (-6553)/(-15)?
19, 23
Let q = -20 - 11. Let d = q + 36. Suppose 2*x = d + 7. List the prime factors of x.
2, 3
Suppose 2*k = -0 + 4. Suppose -k*m = -186 - 198. Suppose 54*d - 57*d = -m. List the prime factors of d.
2
Let g(t) = -2 + 2*t - 15*t + 7*t. Let j be g(-1). What are the prime factors of (16/6)/(j/222)?
2, 37
Suppose -5*v = 314*r - 316*r + 11853, 4*v + 5928 = r. What are the prime factors of r?
2, 1481
Suppose -3*q = -3*b - 78, -q = 4*q + 5*b - 170. Let n be (4/10)/(6/q). Suppose -3 = z, 4*t + n*z = -z + 995. What are the prime factors of t?
251
Let f = 76 + -24. Let q(a) = f + 4*a - 33 - 5*a**2 + 2*a - a**3. What are the prime factors of q(-7)?
3, 5
Suppose -574*r = -659*r + 1032240. What are the prime factors of r?
2, 3, 11, 23
Let q = -15 + 12252. What are the prime factors of q?
3, 4079
Let h(r) = 4*r + 50*r + 4534 - 4517. List the prime factors of h(8).
449
Suppose m + 2*b = 5310, 3*b - 5308 - 10616 = -3*m. List the prime factors of m.
2, 7, 379
Suppose -13*k + 9 = -10*k. Suppose 0 = x + 3*h - 273, 4*x - k*h - 581 = 436. What are the prime factors of x?
2, 3, 43
Let u(j) = 2*j**2 - 2*j - 1. Let g be u(2). Suppose -g*a = a - 2152. Suppose -a = -14*p + 568. List the prime factors of p.
79
Let g = 111 - -803. Suppose -4*r + 20 = 0, 3*p + g = -6*r + r. Let a = -224 - p. List the prime factors of a.
89
What are the prime factors of (-84)/98 + (3435/42)/(-5)*-582?
3, 19, 167
Let x = 44 + -42. Suppose -4*m + 4*a = -0*m - 32, m = -2*a + x. Suppose -m*f = -129 - 255. List the prime factors of f.
2
Suppose -2*a = 5*p - 45749 - 3819, p - 24790 = -a. List the prime factors of a.
2, 7, 11, 23
Let g be 7/28*-4*(-27 - 0). Let n(f) = -12*f**2 + 9 - 3 + g*f + 6 - 29*f**3 + 28*f**3. List the prime factors of n(-14).
2, 13
Let d = 788 - 773. What are the prime factors of -1*(d - 17)/((-4)/(-1258))?
17, 37
Let o(p) = 3156*p - 192. List the prime factors of o(8).
2, 3, 29
List the prime factors of (-6 - (-8 - 5)) + 9764/2.
4889
Let z(b) = 11*b**2 - b - 22. Let a = -22 - -17. What are the prime factors of z(a)?
2, 3, 43
Suppose 2*q = -0 + 8. Suppose 3*l = -4*d + 28, -q*d = -3*l + 7*l - 32. Suppose -i + 316 = 3*n - 11, -429 = -d*n + i. List the prime factors of n.
2, 3
Suppose -54*z + 11635214 = 340*z. What are the prime factors of z?
29531
Let w = 72 - 48. What are the prime factors of 25530/w + 0 - 3/4?
1063
List the prime factors of ((-21)/(-9) + -2)/(7/964341*3).
15307
Let t(c) = 11*c**2 + 17*c + 56. Suppose -9*y - 6 = -8*y. List the prime factors of t(y).
2, 5, 7
Suppose -404*t = -365*t - 563940. What are the prime factors of t?
2, 3, 5, 241
Let r(k) be the second derivative of -163*k**3/6 + 73*k**2 - 2*k + 248. What are the prime factors of r(-9)?
1613
Let i(p) = 8*p**3 + 3*p**2 + p + 4. Let g be (21 - -149)*2/4. Suppose -5*b = 70 - g. List the prime factors of i(b).
2, 5
Suppose 15*s = -n + 20*s + 2107, -2*n = 3*s - 4175. Let m = -1227 + n. List the prime factors of m.
5, 173
Suppose -12*l + 800 + 10108 = 0. Let t = -394 + l. List the prime factors of t.
5, 103
Suppose -4*h + 7*w - 2*w = -21134, 0 = -w + 2. List the prime factors of h.
2, 3, 881
Let r = -142 + 146. Let t(v) = 15*v**2 - 3*v - 7. What are the prime factors of t(r)?
13, 17
Let k(g) = -g**3 - 7*g**2 - 5*g + 3. Let t be k(-6). Let z be 40/14 - t*(-6)/(-126). Suppose -z*n + 3*w - 109 = -5*n, 3 = -3*w. List the prime factors of n.
2, 7
Let o(a) = -10*a**3 - 18*a**2 - 28*a + 78. List the prime factors of o(-11).
2, 13, 443
Let d(f) = -f**3 + 16*f**2 + 29*f + 12. Let q be d(-21). Suppose -7*l = 5*l - q. What are the prime factors of l?
2, 5, 131
Let j = 11787 + -4967. What are the prime factors of j?
2, 5, 11, 31
Let i(g) = -7170*g + 1192. List the prime factors of i(-5).
2, 18521
Suppose -5*u + 1695 = -1905. Suppose u = 3*w - 372. List the prime factors of w.
2, 7, 13
Let w = -178 - -113. Let y = w - -69. Suppose -d - 642 = -5*d - 5*n, -y*d + 5*n + 622 = 0. What are the prime factors of d?
2, 79
Suppose -5*f = -3*h - 61396, -5*f = -2*h - 46211 - 15188. List the prime factors of f.
12281
Suppose 927*k - 901*k - 326040 = 0. List the prime factors of k.
2, 3, 5, 11, 19
Let t = -8157 - -29148. What are the prime factors of t?
3, 6997
Suppose 0 = -4*n - 5*r - 13, 3*r - 14 = -3*n + 4*r. Let z be (3 - 6) + n + -3. What are the prime factors of (6 + -2 - z)*13?
7, 13
Suppose 0*h - 4*h + 24261 = -5*t, 3*t - 24253 = -4*h. What are the prime factors of h?
2, 379
Let r(y) = y**3 + 22*y**2 + 22*y + 23. Let n be r(-21). Let k(h) = 40*h**3 + 2*h**2 + h - 4. List the prime factors of k(n).
2, 163
Let a(o) = -o**3 - 12*o**2 - 4*o - 92. Let p be a(-12). List the prime factors of (-44)/(-12)*-3*p.
2, 11
Let k = 488 + -488. Suppose k*u + 2*v = 5*u - 8249, -4*u = -3*v - 6602. What are the prime factors of u?
17, 97
Let t(z) = -188*z**3 + 6*z**2 - 84*z - 412. What are the prime factors of t(-5)?
2, 3, 3943
Let n(g) = -4*g + 57. Let o be n(13). Suppose b = -5*s + 49, 38 = o*s - s + 2*b. What are the prime factors of s?
2, 5
What are the prime factors of (-8 + -1)/(372/(-292516))?
3, 7, 337
Let v(b) = 10*b**2 - 77*b + 2494. List the prime factors of v(88).
2, 3, 89, 137
Suppose -9*j + 19 = 10. What are the prime factors of (4 - (-149)/j)*2?
2, 3, 17
Suppose 380314 = 38*l - 47490. List the prime factors of l.
2, 13, 433
Let j be 5 + (-3)/6*-54. What are the prime factors of 18/(-12)*j/(-12)*74?
2, 37
Let t(w) = 4*w**2 + 3*w - 7. Let b be t(-3). Suppose -b*o = -25 - 15. Suppose -o*g = 2*f - 30, g - 17 - 8 = f. What are the prime factors of g?
2, 5
Let l(n) = n**3 - 24*n**2 + 126*n - 6. What are the prime factors of l(25)?
3769
Suppose -5*d - 3*g = 2*g - 20, 0 = -g + 1. Suppose -m = -d*m + 664. List the prime factors of m.
2, 83
Suppose -3*f - j = j - 52198, 2*f - 34799 = -j. List the prime factors of f.
2, 3, 5, 29
Let l(t) = -334*t + 8. Let s be l(2). List the prime factors of (1 - s/(-4))*-1.
2, 41
Let b = 125 - 12. Let t = b - 151. What are the prime factors of t/((-8)/32 - (1 - 1))?
2, 19
List the prime factors of -20 - (-66509 + -13 + -26).
2, 3, 7, 11
Let c(y) = -41 + y**3 - 37 + 84 + 5*y**2 - 8*y. List the prime factors of c(3).
2, 3
Suppose -5*o = -y + 4*y - 5997, y = 3*o - 3587. Suppose -p + 2*r = -o, -3*p - 941 = -r - 4507. List the prime factors of p.
1187
Let f = 137 - 67. Let s = -70 + f. Suppose s = 2*a - 3 - 271. List the prime factors of a.
137
Let l(h) = 9*h - 33. Let t = -43 + 47. Let v be l(t). Suppose 8*b - 10*b - 5*a = v, -4*a + 6 = 3*b. List the prime factors of b.
2, 3
Let r(k) = -550*k + 415. What